{"id":18,"date":"2015-08-25T20:21:50","date_gmt":"2015-08-25T20:21:50","guid":{"rendered":"http:\/\/mikoovoda.ro\/?page_id=18"},"modified":"2021-08-31T23:17:49","modified_gmt":"2021-08-31T20:17:49","slug":"rolunk","status":"publish","type":"page","link":"https:\/\/mikoovoda.ro\/index.php\/hu\/rolunk-2\/rolunk\/","title":{"rendered":"\u00d3vodai oktat\u00e1s"},"content":{"rendered":"<h2 style=\"text-align: center;\"><strong>ALAPELVEINK<\/strong><\/h2>\n<p><em>\u201cAz ember akkor ad igaz\u00e1n, ha munk\u00e1j\u00e1t, lelk\u00e9t, szellem\u00e9t adja . \u00c9s eg\u00e9sz \u00e9n\u00fcnknek e nagyszer\u0171 felaj\u00e1nl\u00e1sa mindenki sz\u00e1m\u00e1ra \u00e9ppen annyira gazdag\u00edtja az adom\u00e1nyoz\u00f3t, mint a k\u00f6z\u00f6ss\u00e9get.\u201d<\/em><\/p>\n<p>(Anatol France)<\/p>\n<p>Bizony\u00edtott, hogy k\u00f6nnyebben \u00e9rv\u00e9nyes\u00fcl az, aki kiterjedt kapcsolati h\u00e1l\u00f3val rendelkezik, aki j\u00f3l b\u00e1nik a szavakkal, j\u00f3 besz\u00e9lget\u0151partner, aki hat\u00e9konyan old meg konfliktusokat, vagy gyorsan tud kapcsolatot teremteni m\u00e1sokkal. A t\u00e1rsas kompetenci\u00e1k ugyanis a kommunik\u00e1ci\u00f3t \u00e9s a konfliktuskezel\u00e9si k\u00e9pess\u00e9get takarj\u00e1k.<\/p>\n<h6>\u00c9rzelmi intelligencia \u00e9s szoci\u00e1lis biztons\u00e1g<\/h6>\n<ul>\n<li>K\u00e9pes \u00e9rzelmileg meleg kapcsolatokra;<\/li>\n<li>Az \u00e9letet alapvet\u0151en pozit\u00edvan szeml\u00e9li;<\/li>\n<li>Elfogadja \u00e9rz\u00e9seit \u00e9s ig\u00e9nyeit (legyen sz\u00f3 szexualit\u00e1sr\u00f3l, szeretetr\u0151l, d\u00fchr\u0151l);<\/li>\n<li>Eg\u00e9szs\u00e9ges \u00f6n\u00e9rv\u00e9nyes\u00edt\u0151, vagyis k\u00e9pes saj\u00e1t \u00e9rdekeit \u00fagy k\u00e9pviselni, hogy k\u00f6zben ne taposson \u00e1t m\u00e1sokon;<\/li>\n<li>K\u00e9pes nemet mondani;<\/li>\n<li>Ismeri az er\u0151ss\u00e9geit \u00e9s a korl\u00e1tait is;<\/li>\n<li>A legjobbat pr\u00f3b\u00e1lja kihozni mag\u00e1b\u00f3l;<\/li>\n<li>Felel\u0151ss\u00e9gteljes;<\/li>\n<li>Az \u00fcgyess\u00e9g, a teljes\u00edtm\u00e9ny fontos az \u00f6nbecs\u00fcl\u00e9se szempontj\u00e1b\u00f3l;<\/li>\n<li>A teljes\u00edtm\u00e9ny\u00e9nek elismer\u00e9se er\u0151s\u00edti az \u00f6nbecs\u00fcl\u00e9s\u00e9t;<\/li>\n<li>K\u00e9pes objekt\u00edven \u00e9rt\u00e9kelni saj\u00e1t teljes\u00edtm\u00e9ny\u00e9t;<\/li>\n<li>Tud \u00f6r\u00fclni a sikereinek;<\/li>\n<li>A sikereket \u00f6nmag\u00e1nak \u00e9s nem a v\u00e9letlennek, vagy a szerencs\u00e9nek tulajdon\u00edtja;<\/li>\n<li>Fel\u00ad tudja ismerni az \u00e9rzel\u00adme\u00adit;<\/li>\n<li>\n<ul>\n<li>A t\u00e1rsas l\u00e9ny mivolta \u00e1ltal ig\u00e9nyli, hogy szeressen \u00e9s szeress\u00e9k, megsimogass\u00e1k (nem csup\u00e1n fizikai \u00e9rtelemben), hogy gondoskodjanak r\u00f3la;<\/li>\n<\/ul>\n<hr>\n<blockquote class=\"wp-embedded-content\" data-secret=\"Dk4pa4SimP\"><p><a href=\"http:\/\/mikoovoda.ro\/index.php\/hu\/rolunk-2\/rolunk\/oktatas\/\">OKTAT\u00c1S<\/a><\/p><\/blockquote>\n<p><iframe class=\"wp-embedded-content\" sandbox=\"allow-scripts\" security=\"restricted\" style=\"position: absolute; clip: rect(1px, 1px, 1px, 1px);\" title=\"&#8220;OKTAT\u00c1S&#8221; &#8212; Hossz\u00edtott Program\u00fa MIK\u00d3 \u00d3voda\" src=\"http:\/\/mikoovoda.ro\/index.php\/hu\/rolunk-2\/rolunk\/oktatas\/embed\/#?secret=Dk4pa4SimP\" data-secret=\"Dk4pa4SimP\" width=\"600\" height=\"338\" frameborder=\"0\" marginwidth=\"0\" marginheight=\"0\" scrolling=\"no\"><\/iframe><\/p>\n<blockquote class=\"wp-embedded-content\" data-secret=\"IO3qDmoGLE\"><p><a href=\"http:\/\/mikoovoda.ro\/index.php\/hu\/rolunk-2\/rolunk\/beiratkozas-es-tandij\/\">BEIRATKOZ\u00c1S \u00c9S TAND\u00cdJ<\/a><\/p><\/blockquote>\n<p><iframe class=\"wp-embedded-content\" sandbox=\"allow-scripts\" security=\"restricted\" style=\"position: absolute; clip: rect(1px, 1px, 1px, 1px);\" title=\"&#8220;BEIRATKOZ\u00c1S \u00c9S TAND\u00cdJ&#8221; &#8212; Hossz\u00edtott Program\u00fa MIK\u00d3 \u00d3voda\" src=\"http:\/\/mikoovoda.ro\/index.php\/hu\/rolunk-2\/rolunk\/beiratkozas-es-tandij\/embed\/#?secret=IO3qDmoGLE\" data-secret=\"IO3qDmoGLE\" width=\"600\" height=\"338\" frameborder=\"0\" marginwidth=\"0\" marginheight=\"0\" scrolling=\"no\"><\/iframe><\/p>\n<hr>\n<blockquote class=\"wp-embedded-content\" data-secret=\"FlJTofRS1x\"><p><a href=\"http:\/\/mikoovoda.ro\/index.php\/hu\/rolunk-2\/rolunk\/beszoktatas\/\">BESZOKTAT\u00c1S<\/a><\/p><\/blockquote>\n<p><iframe class=\"wp-embedded-content\" sandbox=\"allow-scripts\" security=\"restricted\" style=\"position: absolute; clip: rect(1px, 1px, 1px, 1px);\" title=\"&#8220;BESZOKTAT\u00c1S&#8221; &#8212; Hossz\u00edtott Program\u00fa MIK\u00d3 \u00d3voda\" src=\"http:\/\/mikoovoda.ro\/index.php\/hu\/rolunk-2\/rolunk\/beszoktatas\/embed\/#?secret=FlJTofRS1x\" data-secret=\"FlJTofRS1x\" width=\"600\" height=\"338\" frameborder=\"0\" marginwidth=\"0\" marginheight=\"0\" scrolling=\"no\"><\/iframe><\/p>\n<hr>\n<blockquote class=\"wp-embedded-content\" data-secret=\"VqWki6vEdr\"><p><a href=\"http:\/\/mikoovoda.ro\/index.php\/hu\/rolunk-2\/rolunk\/felszereltseg\/\">FELSZERELTS\u00c9G<\/a><\/p><\/blockquote>\n<p><iframe class=\"wp-embedded-content\" sandbox=\"allow-scripts\" security=\"restricted\" style=\"position: absolute; clip: rect(1px, 1px, 1px, 1px);\" title=\"&#8220;FELSZERELTS\u00c9G&#8221; &#8212; Hossz\u00edtott Program\u00fa MIK\u00d3 \u00d3voda\" src=\"http:\/\/mikoovoda.ro\/index.php\/hu\/rolunk-2\/rolunk\/felszereltseg\/embed\/#?secret=VqWki6vEdr\" data-secret=\"VqWki6vEdr\" width=\"600\" height=\"338\" frameborder=\"0\" marginwidth=\"0\" marginheight=\"0\" scrolling=\"no\"><\/iframe><\/p>\n<hr>\n<blockquote class=\"wp-embedded-content\" data-secret=\"24cW3vCfE6\"><p><a href=\"http:\/\/mikoovoda.ro\/index.php\/hu\/rolunk-2\/rolunk\/etkezes\/\">\u00c9TKEZ\u00c9S<\/a><\/p><\/blockquote>\n<p><iframe class=\"wp-embedded-content\" sandbox=\"allow-scripts\" security=\"restricted\" style=\"position: absolute; clip: rect(1px, 1px, 1px, 1px);\" title=\"&#8220;\u00c9TKEZ\u00c9S&#8221; &#8212; Hossz\u00edtott Program\u00fa MIK\u00d3 \u00d3voda\" src=\"http:\/\/mikoovoda.ro\/index.php\/hu\/rolunk-2\/rolunk\/etkezes\/embed\/#?secret=24cW3vCfE6\" data-secret=\"24cW3vCfE6\" width=\"600\" height=\"338\" frameborder=\"0\" marginwidth=\"0\" marginheight=\"0\" scrolling=\"no\"><\/iframe><\/p>\n<hr>\n<blockquote class=\"wp-embedded-content\" data-secret=\"tXBAoJBVe0\"><p><a href=\"http:\/\/mikoovoda.ro\/index.php\/hu\/rolunk-2\/rolunk\/kornyezettudatossag\/\">K\u00d6RNYEZETTUDATOSS\u00c1G<\/a><\/p><\/blockquote>\n<p><iframe class=\"wp-embedded-content\" sandbox=\"allow-scripts\" security=\"restricted\" style=\"position: absolute; clip: rect(1px, 1px, 1px, 1px);\" title=\"&#8220;K\u00d6RNYEZETTUDATOSS\u00c1G&#8221; &#8212; Hossz\u00edtott Program\u00fa MIK\u00d3 \u00d3voda\" src=\"http:\/\/mikoovoda.ro\/index.php\/hu\/rolunk-2\/rolunk\/kornyezettudatossag\/embed\/#?secret=tXBAoJBVe0\" data-secret=\"tXBAoJBVe0\" width=\"600\" height=\"338\" frameborder=\"0\" marginwidth=\"0\" marginheight=\"0\" scrolling=\"no\"><\/iframe><\/p>\n<hr>\n<blockquote class=\"wp-embedded-content\" data-secret=\"xCz8NZxIzX\"><p><a href=\"http:\/\/mikoovoda.ro\/index.php\/hu\/rolunk-2\/rolunk\/egeszsegmegorzes\/\">EG\u00c9SZS\u00c9GMEG\u0150RZ\u00c9S<\/a><\/p><\/blockquote>\n<p><iframe class=\"wp-embedded-content\" sandbox=\"allow-scripts\" security=\"restricted\" style=\"position: absolute; clip: rect(1px, 1px, 1px, 1px);\" title=\"&#8220;EG\u00c9SZS\u00c9GMEG\u0150RZ\u00c9S&#8221; &#8212; Hossz\u00edtott Program\u00fa MIK\u00d3 \u00d3voda\" src=\"http:\/\/mikoovoda.ro\/index.php\/hu\/rolunk-2\/rolunk\/egeszsegmegorzes\/embed\/#?secret=xCz8NZxIzX\" data-secret=\"xCz8NZxIzX\" width=\"600\" height=\"338\" frameborder=\"0\" marginwidth=\"0\" marginheight=\"0\" scrolling=\"no\"><\/iframe><\/p>\n<p><a href=\"http:\/\/mikoovoda.ro\/wp-content\/uploads\/2017\/08\/oszi-blog.png\"><img decoding=\"async\" loading=\"lazy\" class=\"alignleft size-large wp-image-1145\" src=\"http:\/\/mikoovoda.ro\/wp-content\/uploads\/2017\/08\/oszi-blog-1024x682.png\" alt=\"\" width=\"1024\" height=\"682\" srcset=\"https:\/\/mikoovoda.ro\/wp-content\/uploads\/2017\/08\/oszi-blog-1024x682.png 1024w, https:\/\/mikoovoda.ro\/wp-content\/uploads\/2017\/08\/oszi-blog-300x200.png 300w, https:\/\/mikoovoda.ro\/wp-content\/uploads\/2017\/08\/oszi-blog-768x511.png 768w, https:\/\/mikoovoda.ro\/wp-content\/uploads\/2017\/08\/oszi-blog-556x370.png 556w\" sizes=\"(max-width: 1024px) 100vw, 1024px\" \/><\/a><\/li>\n<\/ul>\n","protected":false},"excerpt":{"rendered":"<p>ALAPELVEINK \u201cAz ember akkor ad igaz\u00e1n, ha munk\u00e1j\u00e1t, lelk\u00e9t, szellem\u00e9t adja . \u00c9s eg\u00e9sz \u00e9n\u00fcnknek e nagyszer\u0171 felaj\u00e1nl\u00e1sa mindenki sz\u00e1m\u00e1ra \u00e9ppen annyira gazdag\u00edtja az adom\u00e1nyoz\u00f3t, mint a k\u00f6z\u00f6ss\u00e9get.\u201d (Anatol France) Bizony\u00edtott, hogy k\u00f6nnyebben \u00e9rv\u00e9nyes\u00fcl az, aki kiterjedt kapcsolati h\u00e1l\u00f3val rendelkezik, aki j\u00f3l b\u00e1nik a szavakkal, j\u00f3 besz\u00e9lget\u0151partner, aki hat\u00e9konyan old meg konfliktusokat, vagy gyorsan tud [&hellip;]<\/p>\n","protected":false},"author":4,"featured_media":0,"parent":255,"menu_order":1,"comment_status":"closed","ping_status":"closed","template":"","meta":{"_mi_skip_tracking":false,"_exactmetrics_sitenote_active":false,"_exactmetrics_sitenote_note":"","_exactmetrics_sitenote_category":0,"footnotes":""},"_links":{"self":[{"href":"https:\/\/mikoovoda.ro\/index.php\/wp-json\/wp\/v2\/pages\/18"}],"collection":[{"href":"https:\/\/mikoovoda.ro\/index.php\/wp-json\/wp\/v2\/pages"}],"about":[{"href":"https:\/\/mikoovoda.ro\/index.php\/wp-json\/wp\/v2\/types\/page"}],"author":[{"embeddable":true,"href":"https:\/\/mikoovoda.ro\/index.php\/wp-json\/wp\/v2\/users\/4"}],"replies":[{"embeddable":true,"href":"https:\/\/mikoovoda.ro\/index.php\/wp-json\/wp\/v2\/comments?post=18"}],"version-history":[{"count":2,"href":"https:\/\/mikoovoda.ro\/index.php\/wp-json\/wp\/v2\/pages\/18\/revisions"}],"predecessor-version":[{"id":3092,"href":"https:\/\/mikoovoda.ro\/index.php\/wp-json\/wp\/v2\/pages\/18\/revisions\/3092"}],"up":[{"embeddable":true,"href":"https:\/\/mikoovoda.ro\/index.php\/wp-json\/wp\/v2\/pages\/255"}],"wp:attachment":[{"href":"https:\/\/mikoovoda.ro\/index.php\/wp-json\/wp\/v2\/media?parent=18"}],"curies":[{"name":"wp","href":"https:\/\/api.w.org\/{rel}","templated":true}]}}